 + x. Suppose z*m = -11 + 31. What is the units digit of m?
4
Suppose -2*i + 9034 = 4*w, -71*i = -70*i - 2*w - 4537. What is the tens digit of i?
2
Suppose 0 = 2*r + 4*d + 4, 4*r = d + 2 - 1. Suppose 2*f + 5*z - 317 = r, f = -5*z + 100 + 51. What is the tens digit of f?
6
Let o = -54 + 62. What is the tens digit of -3 + o + -2 + (39 - 0)?
4
Let u be 387/12*(6 - 2). Let c = u + -80. What is the units digit of c?
9
Let z(d) = -5*d**2 - 6*d + 3. Let s be z(3). What is the units digit of (s/(-27) - 2) + 1986/54?
7
Let m = -1 - -6. Let p be 0 - (-11 + 1)/m. Suppose p*v = 64 - 0. What is the units digit of v?
2
Suppose 2*u = 2*f + 304, 0*u = 3*u + 3*f - 450. Suppose 4*j - 129 = u. What is the tens digit of j?
7
Let d = -15 + 22. Let k be (d + -3)*1/4. Suppose 2*z - 15 = k. What is the units digit of z?
8
Suppose -o + 3*o = a - 2205, 0 = -2*a - 4*o + 4434. What is the units digit of a?
1
Let h = -30 - -71. Let s = -14 + h. Let j = 4 + s. What is the units digit of j?
1
Let g = 26 + -44. Let h be (-2)/(-4) - 405/g. Suppose -p = 3*a + 5 - h, -2*a + 19 = 3*p. What is the units digit of a?
5
Suppose 5*z - 1604 = 996. What is the hundreds digit of z?
5
Let o = -2363 + 3593. What is the tens digit of o?
3
Let f = -7399 + 13218. What is the thousands digit of f?
5
Let b(p) = -p**2 - 40*p - 51. What is the hundreds digit of b(-19)?
3
Suppose -2 + 7 = h. Suppose -223 = -h*s + 62. What is the units digit of s?
7
Let o = -41 - -41. Suppose z - b = 3*b + 22, 4*z - 4*b - 148 = o. What is the tens digit of z?
4
Let y be (-2 + 0)*3/(-2) + -19. What is the tens digit of y/12 + 2225/15?
4
Let q(g) = -g**2 - 10*g + 3. Let l be q(-7). Suppose -3*d - d + l = 0. What is the units digit of d?
6
Let r = -18 - -23. Suppose -r*i - 70 = -7*i. What is the units digit of i?
5
Suppose -7*o - 9*o + 3952 = 0. What is the tens digit of o?
4
Suppose 3*k + s = 246, k + 0*s - 89 = 2*s. Let x = 172 - k. What is the units digit of x?
9
Suppose 0 = 17*n + 5*n - 10824. What is the units digit of n?
2
Let h(j) = 10*j - 16. Let t(v) be the first derivative of v**4/2 - 3*v**2 + 3*v + 5. Let a be t(2). What is the units digit of h(a)?
4
Let r be 3/9 + 55/15. Suppose r*x = -0*q + 5*q - 322, -5*x = 2*q - 109. What is the tens digit of q?
6
Let j be -1 + (0 + 1 - -134). Let n = j - 38. Suppose -7*l + l + n = 0. What is the tens digit of l?
1
Let w(c) = -2. Let j(d) = -d - 2. Let m(p) = -2*p**3 + 2*p**2 + 3*p - 2. Let l be m(2). Let g(h) = l*w(h) + 5*j(h). What is the tens digit of g(-8)?
3
Suppose 2*p - 5 = -z, -4*z + 2 = -2*p - 8. Suppose 2*h - 3*u = 255, -h = z*h - 3*u - 495. What is the tens digit of h?
2
Let w(r) = 18*r + 67. What is the units digit of w(26)?
5
Let n(q) = 2*q**2 + 20*q - 67. What is the units digit of n(-20)?
3
Suppose 0 = 6*p + 950 + 1828. Let o = p - -710. What is the units digit of o?
7
Let h(s) be the second derivative of -1/2*s**3 + 0 + 1/12*s**4 - 7*s + 1/2*s**2. What is the units digit of h(-4)?
9
Suppose 2*n = -2*x + 620, 5*x - 4*n + 6*n = 1562. What is the hundreds digit of x?
3
Let w = -6 + 10. Suppose w*y + 27 = 3*m + 2, 5*y = -20. Suppose -4*q + g = -121, 4*q - 122 = m*g - g. What is the units digit of q?
0
Suppose -52*t + 21*t = -29450. What is the units digit of t?
0
Let z(t) = -t**2 + 9*t. Let l be z(8). Suppose -f = f + l. Let m = 1 - f. What is the units digit of m?
5
Let t(v) = 2*v - 18. Let a be t(12). Let x = a - 2. Suppose -5*l = 2*f + 6, -f - x*l = l + 8. What is the units digit of f?
2
What is the units digit of 4 - 16628/16*-4?
1
Suppose y - 4*i - 164 = 0, -2*y = -2*i - 93 - 247. What is the tens digit of y?
7
Suppose -t = -o + 466, 0*t + 4*t = 0. Let f = o - 247. What is the hundreds digit of f?
2
Let m(i) = -937*i + 11. What is the thousands digit of m(-3)?
2
Let u = -64 + 64. Suppose -5*i + 1043 + 387 = u. What is the hundreds digit of i?
2
Suppose -34*u + 3450 = -19*u. What is the units digit of u?
0
Suppose 4*p - 746 = 5*t, 0 = -2*t - 6 + 2. Suppose -5*k + p = -3*k. What is the tens digit of k?
9
Let f(j) = -61*j + 727. What is the tens digit of f(-49)?
1
Let n be (-5 + 4)/((-3)/6). Suppose 72 = -5*x + n*x. What is the tens digit of (-1 - x) + (0 - 0)?
2
Suppose 32 = f - 2*q, 0 = 3*f - 4*f - 2*q + 16. Suppose t - f + 17 = 0. What is the units digit of t?
7
Let j = 27 - 23. Suppose 6*x - 84 = j*x. What is the tens digit of x?
4
Let h = 1304 + 482. What is the tens digit of h?
8
Let u(t) = 246*t - 1. Let h be u(1). Suppose 4*x - 323 = -3*j, j = 3*x + 6*j - h. Suppose -5*w + w + x = 0. What is the units digit of w?
0
Let m = 103 - 90. Suppose m*p - 431 = 3157. What is the units digit of p?
6
Suppose 3*f + 5*m = 24, -m = f - 5*f + 9. Let u be f + (-3)/1 - -131. Suppose 3*z - 4*l - 101 = 16, 0 = 4*z + 3*l - u. What is the tens digit of z?
3
Let j(k) = 107*k**3 - 4*k. Let u be j(4). Let y be u/36 - (-6)/27. Suppose 62 = o + 4*z, -3*o - 2*o + 4*z = -y. What is the units digit of o?
2
Let o(y) = y**2 - 3*y. Let s be o(-4). Suppose -p + 0*p = 5*m - s, -5*m + 25 = 0. What is the tens digit of 0 - (-56 + 0/p)?
5
Let o = -194 + 267. What is the tens digit of o?
7
Suppose 82 - 10 = 4*k. What is the units digit of 3/6 + k/4?
5
Suppose 2*m = -4*c - 8, -5 = 7*m - 2*m + 5*c. What is the units digit of (3/m)/((-7)/(-406))?
7
Let q(j) = -j**2 - 5*j - 1. Let m be q(-4). Suppose y = -m*y. Suppose -3*u - 5*p + 62 + 51 = y, -p - 71 = -2*u. What is the tens digit of u?
3
Suppose 0 = -0*l + 6*l - 30. Suppose -2*v - 842 = -4*f, 0 = -f - f - l*v + 415. What is the units digit of f?
0
Let t(c) = 3*c**3 + 7*c**2 - 10*c + 2. Let y be t(4). Suppose 0 = -6*u + 5*u + y. What is the tens digit of u?
6
Let i(l) = 3*l**2 + 20*l + 2. Let t be i(-8). Suppose 29*h = t*h - 610. What is the tens digit of h?
2
Let c(h) = h**2 + 4*h - 7. Let i be c(-6). Suppose 6 = m - i. What is the units digit of m?
1
Suppose -62491 = 31*t - 50*t. What is the thousands digit of t?
3
Let g(z) = -z**3 + 26*z**2 + 98*z - 122. What is the units digit of g(28)?
4
Let t(i) = i + 8. Let x be t(0). Suppose -x = b - 12. What is the tens digit of 40 + b*(-4 + 3)?
3
Suppose 3*q = 7*q - 4*k - 24, -3*k = -4*q + 24. Suppose 0 = t + 3*w - 21, q*t = 2*t - w + 84. What is the units digit of t?
1
Let p = -9020 - -13274. What is the units digit of p?
4
Let b be (298/(-6))/(1*1/(-6)). What is the hundreds digit of 0*2/4 - (-2 - b)?
3
What is the tens digit of (23 - -83)*(-18)/(-4)?
7
Let m(s) = 361*s**2 - s - 2. What is the units digit of m(-1)?
0
Let g(y) = -2*y**3 + 11*y**2 - 7*y + 7. Let h be g(7). Let z = 321 + h. What is the units digit of z?
2
Suppose 4 = 4*j - 0*j, 3*j = 3*l. What is the units digit of (l/((-3)/(-6)))/((-12)/(-618))?
3
Let c(g) = 4*g + 10. Let w(d) be the third derivative of d**4/24 + 3*d**3 - 3*d**2. Let a be w(-12). What is the tens digit of c(a)?
3
Let c(a) = 5 + 16 - 38*a + 7 - 27. Suppose o = 3*o + 2. What is the units digit of c(o)?
9
Let q(b) = 33*b**2 + 5*b - 8. What is the thousands digit of q(-6)?
1
Suppose 2*t + 293 = 5*r, 5*t - 7 = -2. Let y = r - 2. What is the units digit of y?
7
Suppose -5*d + 3*f + 12 = 0, 3*f + 2*f = 5. Suppose 0 = -2*l + 5*y - 9, -l + 24 = d*l + 4*y. Let u = l + 57. What is the tens digit of u?
6
Let p(t) = -77*t + 2. Let y be p(-1). Let i = y + -45. Let j = i + -8. What is the tens digit of j?
2
Suppose 82*q = 87*q - 315. Let u = 20 + -57. Let k = u + q. What is the tens digit of k?
2
Suppose -3*d + 10 = 2*d. Suppose 0 = 6*i - d*i - 36. Let l(b) = b**2 - 7*b - 4. What is the tens digit of l(i)?
1
Let x = -1378 + 2580. Suppose 15 = -5*q, -11*u = -16*u + 4*q + x. What is the hundreds digit of u?
2
Let l(b) = 667*b**2 + 11*b + 3. What is the tens digit of l(1)?
8
Let b be (-2 - 0)/(-2) - 13. Suppose -2*l + 146 = -4*w - 32, -5*w - 242 = 4*l. Let s = b - w. What is the units digit of s?
4
Let o(i) = 151*i + 29. What is the tens digit of o(6)?
3
Let h(m) = -843*m + 3. Let f be h(-1). What is the tens digit of 6/27*3*f/12?
4
Suppose 5*f + 0*f + 25 = 5*t, -15 = 5*f. Suppose -s - m + 49 + 63 = 0, -t*m = 3*s - 341. What is the hundreds digit of s?
1
Let i(m) = -m**2 - 3*m - 2. Let q be i(-2). Let p = 181 - 176. Suppose -8 = 4*u - p*u - 3*x, q = -u - 4*x + 7. What is the tens digit of u?
1
Let w be 8/(-24)*(-1 - -1). Suppose w = -y - y + 160. What is the tens digit of y